68)). Let f be 9/((-8)/o*6). Calculate the highest common factor of 90 and f.
18
Suppose 0 = -5*k - 22 + 12. Let x be k/(-8) + 17*(-3)/(-4). Calculate the greatest common factor of 91 and x.
13
Suppose -270*j + 594 = -269*j + 231. What is the greatest common factor of j and 3630?
363
Suppose a + 2*o = 49930, 342*a - 5*o + 199705 = 346*a. What is the greatest common divisor of 24 and a?
24
Let w = 13535 + -8367. What is the highest common divisor of w and 16?
16
Let x = 69829 + -69828. Let a be 1/(20/18 - 1). What is the highest common factor of x and a?
1
Let m = 613 + 713. Suppose 2*q - 7*a + 6*a - 658 = 0, -4*q - 3*a = -m. Calculate the greatest common divisor of q and 264.
66
Suppose 67*n - 25*n = 126. Suppose -3*w - 2 = -4*w - n*t, w = t + 18. Calculate the greatest common factor of 77 and w.
7
Suppose 4*f - m - 124 = 2*m, -4*m = 4*f - 152. Let c(n) = n**2 - 12*n + 35. Let z be c(11). Let q = z + f. Calculate the highest common factor of 87 and q.
29
Let m be 40/((-1026)/(-81) + -10). Calculate the greatest common factor of 1065 and m.
15
Let k = -59 + 61. Suppose -5*o + 400 = w + 157, k*w - 102 = -2*o. What is the highest common factor of o and 32?
16
Let m(u) = 3 - 11 - 13 + 8*u - 11*u. Let v(w) = -10*w + 31. Let r be v(5). Let h be m(r). Calculate the greatest common factor of 9 and h.
9
Let a(j) = 2*j - 77. Let t be a(0). Let w be 3 - t - (4 + 4*-2). Calculate the greatest common factor of w and 105.
21
Let k(p) = 2*p**2 + 3*p. Let c be (((-18)/(-15))/(-2))/((-2)/(-10)). Let g be k(c). Suppose g*b + 64 = 11*b. Calculate the greatest common divisor of 352 and b.
32
Suppose -98*c + 7369 + 4673 - 1752 = 0. Calculate the greatest common divisor of 16625 and c.
35
Let y(i) = -i**3 + 2*i**2 - 4*i - 8. Let d be -7 - ((-6)/9 - (-14)/(-6)). Let g be y(d). Calculate the greatest common divisor of 13 and g.
13
Suppose -4*r - 551 = i, -5*r - 2755 = 5*i - 9*r. Let s = 593 + i. What is the highest common divisor of 70 and s?
14
Let v be 4/10 + (-36)/90. Let p(n) = -2*n + 80. Let w be p(v). Suppose 36*i = 41*i - w. What is the greatest common divisor of 8 and i?
8
Let q be 6/2 + (4 - 4). Let w be q + -6 - 90/(-2). Suppose 33*d = 25*d + 48. What is the greatest common divisor of w and d?
6
Suppose 0 = 61*n - 79*n - 28474 + 94372. Calculate the greatest common divisor of 7 and n.
7
Suppose -5*z - 2*m = -15 - 0, 0 = -2*z + 3*m - 13. Let r be (-13)/(-26)*(z - -47). What is the greatest common divisor of r and 36?
12
Suppose 0 = -4*f + 4*v - 20, 6 = -3*f + v + 1. Suppose f = t - 9 + 11. Let x = t - -72. What is the greatest common factor of 10 and x?
10
Let v be (1 - (-5)/(-3))*(-693)/(-7). Let x = v + 78. Calculate the highest common divisor of x and 8.
4
Let d = -1694 - -4655. Calculate the highest common divisor of d and 63.
63
Let x = 25 + -13. Let k = -37 - -64. Let t be (9/k)/((-1)/(-54)). Calculate the greatest common divisor of t and x.
6
Let a = -340 - -780. Suppose -5*y = -2*s + 7*s - a, -4*s = 3*y - 267. What is the greatest common divisor of y and 15?
5
Let q be (-60)/(-9)*24/16. Let m(f) = -f - 9*f**2 - f**3 - 5*f + 12*f + q. Let s be m(-10). What is the greatest common divisor of s and 75?
25
Let z(b) = -3*b**2 + 6*b - 7. Let y be z(1). Let s be (-497)/(-4) - (-8 - 33/y). Let i be s + 8/(-4) + -2 + 6. What is the highest common divisor of i and 21?
21
Suppose -5*y - 253 - 397 = 0. Let p = -107 - y. Let t(s) = -6*s - 1. Let i be t(-4). Calculate the highest common divisor of i and p.
23
Let m = 207 - 204. Suppose -m*l - 2*l = 3*s - 81, 2*l = 0. Calculate the greatest common divisor of s and 99.
9
Let t(x) = 320*x + 85. Let p = -222 - -224. Let l be t(p). What is the highest common factor of 25 and l?
25
Let g(a) = 2*a + 2. Let p be g(4). Suppose 8*s = 141 + 115. What is the greatest common divisor of s and p?
2
Let g be (-446)/(-10) + (-16)/(-40). Let n = -43 + g. Suppose 3*s + n*s = 960. Calculate the greatest common factor of 12 and s.
12
Let m(h) = 73*h + 3359. Let t be m(-46). Calculate the highest common factor of 1381 and t.
1
Let y = -100 - -164. Suppose -16*m + 0*m = -y. Let j(u) = -12*u - 4. Let g be j(-4). Calculate the highest common divisor of g and m.
4
Let l be 50/(-12)*248/(-310)*1467. Calculate the greatest common divisor of l and 210.
30
Let r be 210/(-4 - 2) + 5. Let q be (r/100)/(9/(-12))*25. What is the greatest common divisor of q and 270?
10
Let i be (-3 + (35 - 4))/(4/21). What is the greatest common factor of i and 196?
49
Let m(j) = -j**3 + 11*j**2 - 12*j + 38. Let i be m(7). Suppose i*l + 1701 = 157*l. What is the highest common factor of l and 108?
27
Let f(g) = -4*g**3 + 45*g**2 - 40*g + 26. Let s be f(10). Calculate the highest common divisor of s and 35.
7
Let p be (-6)/(-21) + (-1)/((-14)/(-1124)). Let d be 162/(-45)*p/(-6). Let h = 76 + d. Calculate the highest common divisor of 14 and h.
14
Suppose 5*o + 326 + 339 = 0. Let z be 1/4 + o/(-28). Let g be ((-218)/(-436))/(2/40). What is the greatest common factor of z and g?
5
Let v be (-2450)/(-21) - 240/360. Calculate the greatest common divisor of 2059 and v.
29
Suppose 5*i - 5 = -4*c, -1 = -c + 5*i - 6. Suppose -w + 30 = -5*l, c = 3*w - l + 4*l. Suppose 0*s - 50 = -w*s. Calculate the highest common divisor of 20 and s.
10
Suppose -3892 - 1412 = 13*q. Let c = -325 - q. What is the greatest common factor of c and 166?
83
Let j(a) = 2*a + 23. Let h be j(6). Suppose -145 = -18*z + h. Suppose d + 3*x - 13 = 0, -5*x = -4*d + 40 - 5. Calculate the greatest common divisor of d and z.
10
Let w = -5882 + 6020. What is the highest common factor of 460 and w?
46
Suppose 2*y = -4*o + 2030, 0*y + 5*y - 2*o = 5015. Calculate the highest common divisor of y and 1407.
201
Suppose -4*s - 766 = 5*z + 310, 5*s + z = -1345. Let k = -266 - s. Calculate the greatest common factor of 15 and k.
3
Let j be (-1533892)/(-2068) + 3/11. What is the greatest common divisor of 56 and j?
14
Suppose w = 2*w - 90. Suppose 5*v - 10*h = -5*h + 3045, -3*h + 2457 = 4*v. Suppose 13*o + 21*o - v = 0. What is the greatest common factor of w and o?
18
Suppose -2*q + 17879 = -14021. What is the highest common factor of 44 and q?
22
Suppose 2435 = 14*o + 108*o - 371. Let r be (5 + -6)/(2/(-230)). Calculate the greatest common factor of o and r.
23
Let y = 3006 + -2876. Calculate the highest common divisor of 11830 and y.
130
Let y(w) = -w**3 + 27*w + 3. Let t be y(0). What is the highest common divisor of 353 and t?
1
Let m be (-16)/(-28) + ((-93880)/(-56) - (1 + -6)). Calculate the greatest common factor of m and 145.
29
Let h be (-2)/(-6 - (2 - 6)) + 35. Suppose 2*y = 5*m + 14 - h, 0 = -2*m - 5*y + 32. Suppose 4*w + 252 = m*w. What is the highest common divisor of w and 18?
18
Let c = 18437 - -1803. What is the greatest common divisor of c and 11?
11
Let l be 345/(45/10 - (2/(-1) + 5)). Calculate the greatest common divisor of l and 670.
10
Suppose 4*w = -2*g + 1132, -9*w = -13*w + 4*g + 1120. Let x be (18/(-8))/(12/(-32)). Calculate the greatest common factor of x and w.
6
Let m(f) = 54*f**3 + 13*f**2 - 13*f + 55. Let p be m(4). What is the highest common divisor of p and 38?
19
Let t be 2*24*14/4. Let y(f) = -f**2 + 177*f - 7012. Let w be y(60). Calculate the highest common divisor of w and t.
8
Suppose 2*n - 7*n = 5*k - 35, 0 = 3*n - 5*k - 13. Suppose -n*h + 70 = 10. What is the highest common factor of 110 and h?
10
Let k be (-1)/(2/4) + 334. Let g be (1830/110)/(-61) + 9*1828/66. What is the greatest common divisor of k and g?
83
Let i(w) = 3*w + 1. Let p = 54 - 57. Let n be i(p). Let q be (21 - 2) + n + 4. What is the greatest common divisor of q and 3?
3
Let i(k) be the second derivative of -k**3/6 + 4*k**2 + 2*k. Let u be 4/22 + -1 + 1670/(-110). Let w be i(u). What is the greatest common divisor of 16 and w?
8
Let i be (-2)/4 - (5 - 25/10). Let z be (-78)/4*2/i. Let k = z - -7. Calculate the greatest common divisor of k and 4.
4
Suppose -5*m = -0*m + 10. Let d be (-2)/(-3)*3*(m + 3). Suppose -5 = -d*w + 19. Calculate the greatest common factor of w and 3.
3
Let h(t) = -t**2 - 9*t - 3. Let v(u) = -u**2 + 17*u + 32. Let n be v(19). Let i be h(n). Calculate the greatest common divisor of i and 300.
15
Suppose 0 = -4*u - u + 775. Suppose 8*a = 4*a - 5*z + 481, -3*a + 4*z + 384 = 0. Calculate 